0?
3241430
In base 2, what is 110010100 - -101001101101?
110000000001
In base 6, what is 24104210 - -5?
24104215
In base 15, what is -a + -c87?
-c92
In base 3, what is 1002 - -11012011112?
11012012121
In base 2, what is -100000 + -1000010111010?
-1000011011010
In base 15, what is 6266 + 2?
6268
In base 4, what is 1 + 120110212?
120110213
In base 6, what is 45 + 140505?
140554
In base 14, what is -13 - 13a8?
-13bb
In base 15, what is -27d3 + -2?
-27d5
In base 4, what is -212220 + 122?
-212032
In base 11, what is 276 + -4?
272
In base 16, what is 16b + 189?
2f4
In base 2, what is -100110110110000 + 110?
-100110110101010
In base 4, what is 203110 + -20320?
122130
In base 7, what is 160 + 160010?
160200
In base 14, what is 1d3ab0 - 2?
1d3aac
In base 13, what is -1 - -99756?
99755
In base 15, what is -182d0 - 2c?
-1830c
In base 13, what is 3c - -1092?
1101
In base 16, what is 74 - -1aaf?
1b23
In base 7, what is -22346 - 364?
-23043
In base 9, what is 50 - -41228?
41278
In base 13, what is 4 + -4a249?
-4a245
In base 7, what is -4143 - 20?
-4163
In base 6, what is 0 + 111105?
111105
In base 5, what is -23 + 2334203?
2334130
In base 11, what is -44 - 213?
-257
In base 8, what is -4477333 + 4?
-4477327
In base 7, what is -10540030 - 2?
-10540032
In base 6, what is 3321454 - -2?
3321500
In base 7, what is 314310 + -1?
314306
In base 16, what is 57a8c7 - -5?
57a8cc
In base 2, what is 1 - -11011011000111100?
11011011000111101
In base 14, what is 245d62 - 2?
245d60
In base 13, what is 84a00 - -3?
84a03
In base 7, what is 2 - -14544406?
14544411
In base 9, what is 205202 - -1?
205203
In base 9, what is 1 - -25144?
25145
In base 15, what is 4 + 5ab92?
5ab96
In base 5, what is -4 + -1034242?
-1034301
In base 10, what is 16843 + 1?
16844
In base 5, what is 13414 - 0?
13414
In base 14, what is 1 + 2cad9?
2cada
In base 13, what is -1a - 33a2?
-33bc
In base 10, what is -4 + 15812?
15808
In base 12, what is -1 + 180?
17b
In base 10, what is 0 - -323489?
323489
In base 5, what is -314344 + 2?
-314342
In base 14, what is 206bb8 - -5?
206bbd
In base 3, what is -22222 - 1222102?
-2022101
In base 16, what is -2d + -69?
-96
In base 2, what is -1101101100100110101110 + 100?
-1101101100100110101010
In base 7, what is 4342 + 2?
4344
In base 15, what is -5 - 2ce6?
-2ceb
In base 16, what is b + 2ba2?
2bad
In base 7, what is -224544 - 24?
-224601
In base 11, what is -135 + 1a6?
71
In base 9, what is -67340 - 40?
-67380
In base 12, what is 3 - -559a3?
559a6
In base 6, what is 3 - 401335?
-401332
In base 2, what is 0 - 11111110011100010?
-11111110011100010
In base 14, what is -6a092 - -12?
-6a080
In base 6, what is 0 - 1205051?
-1205051
In base 11, what is -1482 - -483?
-aaa
In base 13, what is -b04 + -4?
-b08
In base 6, what is 1011240021 + 5?
1011240030
In base 12, what is -8036 - -2?
-8034
In base 13, what is -a7 - -353?
279
In base 11, what is -a - 203?
-212
In base 5, what is 10 - -211141?
211201
In base 4, what is -120332 + -31102?
-212100
In base 11, what is 4792 - 89?
4704
In base 14, what is -12698 + -15?
-126ad
In base 3, what is 1101 - -12110120?
12111221
In base 12, what is 1696 - 9?
1689
In base 12, what is 47 + 1787?
1812
In base 2, what is 11111111001 - -1101111?
100001101000
In base 13, what is 3913b9 + -4?
3913b5
In base 5, what is 3 + 114040?
114043
In base 15, what is -11 + -ee5?
-1006
In base 12, what is -352 - -4238?
3aa6
In base 15, what is -ac2 - b?
-acd
In base 11, what is 3 + 17758?
17760
In base 3, what is 10 - -202200021?
202200101
In base 10, what is 4075 - 14?
4061
In base 3, what is 10210020020 + 11?
10210020101
In base 5, what is 3 + 1411310?
1411313
In base 12, what is 531008 + -4?
531004
In base 13, what is 260 + 13?
273
In base 14, what is 3 - 13241?
-1323c
In base 12, what is -230734 + -3?
-230737
In base 16, what is 42c + 40?
46c
In base 5, what is 23220033 - 1?
23220032
In base 15, what is 2 + -8716?
-8714
In base 11, what is 1 - -189569?
18956a
In base 12, what is 7a8a8 + 23?
7a90b
In base 10, what is -2974076 + 3?
-2974073
In base 6, what is 35442 + 41?
35523
In base 2, what is 11110001 - 101110110?
-10000101
In base 16, what is 300b - -5?
3010
In base 14, what is -22d - a74?
-ca3
In base 6, what is 100 - -10525?
11025
In base 16, what is -1a2 + -39?
-1db
In base 9, what is -2 - 17617?
-17620
In base 6, what is -1 - -2531111?
2531110
In base 6, what is -255422 - -4?
-255414
In base 14, what is -7 - 3bb?
-3c4
In base 5, what is -10 + -131024320?
-131024330
In base 16, what is 360 + 92?
3f2
In base 2, what is 1001011 - -1010011100?
1011100111
In base 7, what is -106 + -445?
-554
In base 12, what is 2 + -75b9b?
-75b99
In base 10, what is -30770 + -3?
-30773
In base 9, what is 7 - -5547?
5555
In base 9, what is -106 + 10381?
10274
In base 10, what is -941 + 21?
-920
In base 3, what is -1110111110020 + -11?
-1110111110101
In base 7, what is 4 + -1163634?
-1163630
In base 9, what is -381 - 683?
-1174
In base 9, what is -3565 - 113?
-3678
In base 9, what is -664 - 4?
-668
In base 13, what is -2 - -13555?
13553
In base 13, what is 5691b + -2?
56919
In base 14, what is 5 + 328300?
328305
In base 9, what is 188810 - 0?
188810
In base 10, what is -4 + 80352?
80348
In base 8, what is 131 + -4550?
-4417
In base 9, what is 38068 + -1?
38067
In base 11, what is -75 - -1a37?
1972
In base 5, what is -1200042 + 10?
-1200032
In base 7, what is 0 + -6021?
-6021
In base 7, what is -106 - 1506?
-1615
In base 6, what is -130555 + 155?
-130400
In base 16, what is -96b7 - -2a?
-968d
In base 9, what is 80021 - 118?
78802
In base 12, what is -b8 - 116a?
-1266
In base 14, what is 48ca + 16?
4902
In base 5, what is -2204330 - 224?
-2210104
In base 4, what is 212313 + 3002?
221321
In base 16, what is -ffca + -4?
-ffce
In base 2, what is 11111111000100 - -1001?
11111111001101
In base 7, what is 25 - 1215164?
-1215136
In base 5, what is -43030 + -4?
-43034
In base 12, what is 4b20 - 4?
4b18
In base 15, what is 3 + -100093?
-100090
In base 7, what is 263145 + 2?
263150
In base 9, what is 2 + 10401?
10403
In base 4, what is -120 - -1100230?
1100110
In base 9, what is 58715 - 0?
58715
In base 10, what is -109 - -607?
498
In base 13, what is 0 + -27bbb7?
-27bbb7
In base 13, what is -a89 - 3?
-a8c
In base 11, what is a206 - 6a?
a147
In base 10, what is 59 + -1611?
-1552
In base 13, what is -1cc92 - -7?
-1cc88
In base 11, what is 1438 - 39?
13aa
In base 13, what is -b087 - 36?
-b0c0
In base 16, what is 5eb8 - 29?
5e8f
In base 2, what is -111 - 101100011011000100?
-101100011011001011
In base 8, what is 1464 + 4141?
5625
In base 13, what is -1 - -4a6c?
4a6b
In base 9, what is -10736 + 3?
-10733
In base 6, what is 5 + 52504?
52513
In base 2, what is -11 - 10010000001010001110?
-10010000001010010001
In base 4, what is 1 - 213220?
-213213
In base 12, what is 424b + -b?
4240
In base 2, what is -110 + 1000101110110111?
1000101110110001
In base 14, what is -77c - 34?
-7b2
In base 11, what is 379 - -1a?
398
In base 11, what is -59 - -7287?
7229
In base 12, what is -121 + 119?
-4
In base 15, what is 2 - 31?
-2e
In base 7, what is -2565 + -41624?
-44522
In base 10, what is 57 - -78650?
78707
In base 5, what is -3 + 22421111?
22421103
In base 13, what is 14203 - 8?
141c8
In base 16, what is -740 - -196?
-5aa
In base 4, what is 0 + 10100?
10100
In base 3, what is -110112 + -102202?
-220021
In base 13, what is 4 + -153c9c?
-153c98
In base 6, what is 131 + -301?
-130
In base 11, what is -2482 + 386?
-20a7
In base 15, what is -b - -c61?
c55
In base 16, what is -267 + 11?
-256
In base 4, what is 10 + 2112203012?
2112203022
In base 5, what is -10 + 31001?
30441
In base 2, what is 1000110011011010 + 110?
1000110011100000
In base 11, what is -94 + a8?
14
In base 14, what is 7 - -363a?
3643
In base 14, what is 2 - -9737?
9739
In base 12, what is 115b1 - 5?
115a8
In base 12, what is -617 - 676?
-1091
In base 16, what is a954 + -20?
a934
In base 16, what is 14e599 - 0?
14e599
In base 2, what is 1 + -1111011011110101000?
-1111011011110100111
In base 9, what is -223630 - 3?
-223633
In base 2, what is 11011111 + -1000?
11010111
In base 5, what is 142422 - 233?
142134
In base 6, what is -44055 + -120?
-44215
In base 10, what is 1367913 - 3?
1367910
In base 12, what is -2a0512 - 1?
-2a0513
In base 1